{"id":160,"date":"2024-07-16T23:18:17","date_gmt":"2024-07-16T23:18:17","guid":{"rendered":"https:\/\/ibt-shop.com\/?post_type=product&#038;p=160"},"modified":"2026-03-22T22:16:10","modified_gmt":"2026-03-22T22:16:10","slug":"serviette-de-plage-large-180x100cm","status":"publish","type":"product","link":"https:\/\/ibt-shop.com\/index.php\/product\/serviette-de-plage-large-180x100cm\/","title":{"rendered":"SERVIETTE DE PLAGE LARGE 180X100CM"},"content":{"rendered":"<p><img fetchpriority=\"high\" decoding=\"async\" class=\"alignnone size-medium wp-image-385\" src=\"https:\/\/ibt-shop.com\/wp-content\/uploads\/2024\/07\/5875092305889837413-240x300.jpg\" alt=\"\" width=\"240\" height=\"300\" srcset=\"https:\/\/ibt-shop.com\/wp-content\/uploads\/2024\/07\/5875092305889837413-240x300.jpg 240w, https:\/\/ibt-shop.com\/wp-content\/uploads\/2024\/07\/5875092305889837413-818x1024.jpg 818w, https:\/\/ibt-shop.com\/wp-content\/uploads\/2024\/07\/5875092305889837413-768x962.jpg 768w, https:\/\/ibt-shop.com\/wp-content\/uploads\/2024\/07\/5875092305889837413-690x864.jpg 690w, https:\/\/ibt-shop.com\/wp-content\/uploads\/2024\/07\/5875092305889837413.jpg 1022w\" sizes=\"(max-width: 240px) 100vw, 240px\" \/> <img decoding=\"async\" class=\"alignnone size-medium wp-image-386\" src=\"https:\/\/ibt-shop.com\/wp-content\/uploads\/2024\/07\/5875092305889837412-240x300.jpg\" alt=\"\" width=\"240\" height=\"300\" srcset=\"https:\/\/ibt-shop.com\/wp-content\/uploads\/2024\/07\/5875092305889837412-240x300.jpg 240w, https:\/\/ibt-shop.com\/wp-content\/uploads\/2024\/07\/5875092305889837412-818x1024.jpg 818w, https:\/\/ibt-shop.com\/wp-content\/uploads\/2024\/07\/5875092305889837412-768x962.jpg 768w, https:\/\/ibt-shop.com\/wp-content\/uploads\/2024\/07\/5875092305889837412-690x864.jpg 690w, https:\/\/ibt-shop.com\/wp-content\/uploads\/2024\/07\/5875092305889837412.jpg 1022w\" sizes=\"(max-width: 240px) 100vw, 240px\" \/> <img decoding=\"async\" class=\"alignnone size-medium wp-image-387\" src=\"https:\/\/ibt-shop.com\/wp-content\/uploads\/2024\/07\/5875092305889837411-240x300.jpg\" alt=\"\" width=\"240\" height=\"300\" srcset=\"https:\/\/ibt-shop.com\/wp-content\/uploads\/2024\/07\/5875092305889837411-240x300.jpg 240w, https:\/\/ibt-shop.com\/wp-content\/uploads\/2024\/07\/5875092305889837411-818x1024.jpg 818w, https:\/\/ibt-shop.com\/wp-content\/uploads\/2024\/07\/5875092305889837411-768x962.jpg 768w, https:\/\/ibt-shop.com\/wp-content\/uploads\/2024\/07\/5875092305889837411-690x864.jpg 690w, https:\/\/ibt-shop.com\/wp-content\/uploads\/2024\/07\/5875092305889837411.jpg 1022w\" sizes=\"(max-width: 240px) 100vw, 240px\" \/> <img loading=\"lazy\" decoding=\"async\" class=\"alignnone size-medium wp-image-388\" src=\"https:\/\/ibt-shop.com\/wp-content\/uploads\/2024\/07\/5875092305889837410-240x300.jpg\" alt=\"\" width=\"240\" height=\"300\" srcset=\"https:\/\/ibt-shop.com\/wp-content\/uploads\/2024\/07\/5875092305889837410-240x300.jpg 240w, https:\/\/ibt-shop.com\/wp-content\/uploads\/2024\/07\/5875092305889837410-818x1024.jpg 818w, https:\/\/ibt-shop.com\/wp-content\/uploads\/2024\/07\/5875092305889837410-768x962.jpg 768w, https:\/\/ibt-shop.com\/wp-content\/uploads\/2024\/07\/5875092305889837410-690x864.jpg 690w, https:\/\/ibt-shop.com\/wp-content\/uploads\/2024\/07\/5875092305889837410.jpg 1022w\" sizes=\"(max-width: 240px) 100vw, 240px\" \/> <img loading=\"lazy\" decoding=\"async\" class=\"alignnone size-medium wp-image-383\" src=\"https:\/\/ibt-shop.com\/wp-content\/uploads\/2024\/07\/5875092305889837415-240x300.jpg\" alt=\"\" width=\"240\" height=\"300\" srcset=\"https:\/\/ibt-shop.com\/wp-content\/uploads\/2024\/07\/5875092305889837415-240x300.jpg 240w, https:\/\/ibt-shop.com\/wp-content\/uploads\/2024\/07\/5875092305889837415-818x1024.jpg 818w, https:\/\/ibt-shop.com\/wp-content\/uploads\/2024\/07\/5875092305889837415-768x962.jpg 768w, https:\/\/ibt-shop.com\/wp-content\/uploads\/2024\/07\/5875092305889837415-690x864.jpg 690w, https:\/\/ibt-shop.com\/wp-content\/uploads\/2024\/07\/5875092305889837415.jpg 1022w\" sizes=\"(max-width: 240px) 100vw, 240px\" \/>Serviette de plage 100&#215;180 cm LINES Bleu\/Vert 100% coton 380 g\/m2 une face velours tr\u00e8s douce, une face bouclette \u00e9ponge<br \/>\nServiette de plage tr\u00e8s douce en pur coton et \u00e9paisse pour une grande r\u00e9sistance et une excellente tenue.<br \/>\nDrap de plage qui vous garantit une excellente qualit\u00e9 de finition et durabilit\u00e9.<br \/>\nLinge de bain certifi\u00e9 Standard 100 OEKO-TEX, pour des produits sans substances nocives pour votre sant\u00e9<\/p>\n","protected":false},"excerpt":{"rendered":"<p>Serviette de plage 100&#215;180 cm LINES Bleu\/Vert 100% coton 380 g\/m2 une face velours tr\u00e8s douce, une face bouclette \u00e9ponge Serviette de plage tr\u00e8s douce en pur coton et \u00e9paisse pour une grande r\u00e9sistance et une excellente tenue. Drap de plage qui vous garantit une excellente qualit\u00e9 de finition et durabilit\u00e9. Linge de bain certifi\u00e9 [&hellip;]<\/p>\n","protected":false},"featured_media":168,"comment_status":"open","ping_status":"closed","template":"","meta":[],"product_brand":[],"product_cat":[25],"product_tag":[],"class_list":{"0":"post-160","1":"product","2":"type-product","3":"status-publish","4":"has-post-thumbnail","6":"product_cat-25","8":"first","9":"instock","10":"sale","11":"shipping-taxable","12":"purchasable","13":"product-type-simple"},"_links":{"self":[{"href":"https:\/\/ibt-shop.com\/index.php\/wp-json\/wp\/v2\/product\/160","targetHints":{"allow":["GET"]}}],"collection":[{"href":"https:\/\/ibt-shop.com\/index.php\/wp-json\/wp\/v2\/product"}],"about":[{"href":"https:\/\/ibt-shop.com\/index.php\/wp-json\/wp\/v2\/types\/product"}],"replies":[{"embeddable":true,"href":"https:\/\/ibt-shop.com\/index.php\/wp-json\/wp\/v2\/comments?post=160"}],"wp:featuredmedia":[{"embeddable":true,"href":"https:\/\/ibt-shop.com\/index.php\/wp-json\/wp\/v2\/media\/168"}],"wp:attachment":[{"href":"https:\/\/ibt-shop.com\/index.php\/wp-json\/wp\/v2\/media?parent=160"}],"wp:term":[{"taxonomy":"product_brand","embeddable":true,"href":"https:\/\/ibt-shop.com\/index.php\/wp-json\/wp\/v2\/product_brand?post=160"},{"taxonomy":"product_cat","embeddable":true,"href":"https:\/\/ibt-shop.com\/index.php\/wp-json\/wp\/v2\/product_cat?post=160"},{"taxonomy":"product_tag","embeddable":true,"href":"https:\/\/ibt-shop.com\/index.php\/wp-json\/wp\/v2\/product_tag?post=160"}],"curies":[{"name":"wp","href":"https:\/\/api.w.org\/{rel}","templated":true}]}}